7*p**2 + 18*p + 74. What is the remainder when d(-9) is divided by 25?
24
Let x(m) = m**2 + 35*m + 5. Calculate the remainder when x(-36) is divided by 5.
1
Let b be (-8)/(-1 + -1) + -3. Let a(f) = 2*f**2. Let t be a(b). Calculate the remainder when 42 is divided by 1 + 19 - t - 3.
12
Let o = -62 - -98. Let c(x) = -x - 3. What is the remainder when c(-7) is divided by o/(-9) + -1 + 8?
1
Calculate the remainder when 47 is divided by (-34)/(-2*(4 - 3)).
13
Suppose 9*l = 14*l + 10. What is the remainder when 24 is divided by -4*(28/(-16) + l)*1?
9
Suppose 7*c - 3060 = 3*c. Suppose -5*g + c = -170. What is the remainder when g is divided by 10?
7
Suppose 3*b + 2*x = 7*x + 537, 3*b - 555 = -x. Calculate the remainder when b is divided by 19.
13
Let j = 51 - 51. Suppose w - 8*w + 161 = j. Calculate the remainder when 90 is divided by w.
21
Suppose -5*v - 8 = 4*x - 24, -8 = -3*v - 2*x. Suppose 3*b - 3*i - 27 = 126, v = b - 5*i - 51. What is the remainder when b is divided by 13?
12
Suppose 0 = 5*c - 3*c - 20. What is the remainder when 6/(((-41)/6)/(-41)) is divided by c?
6
Calculate the remainder when 286 is divided by (-9)/(-15)*(-40)/(-8).
1
Let s = -255 - -499. Suppose -3*a + 2*p + 259 = -3*p, 2*p = 3*a - s. What is the remainder when a is divided by 16?
14
Let i(z) = -110*z**2 + 57*z**2 + 65*z**2 - 3*z - 4 + 6. Suppose -l + 96 = 4*l - 3*p, -4*l - p + 87 = 0. What is the remainder when l is divided by i(1)?
10
Let f(q) be the second derivative of q**5/20 - q**4/6 - 4*q**3/3 + q**2 - 9*q. Calculate the remainder when f(4) is divided by 2.
0
Let i = 124 - 123. Calculate the remainder when 188 is divided by 19/i - (1 - 3/1).
20
Let g = 32 + -27. Suppose -2*v + g*v - 45 = 0. Calculate the remainder when 103 is divided by v.
13
Let h(s) = -s + 21. Let z(c) = 2*c**2 - 24*c - 8. Let u be z(12). What is the remainder when h(u) is divided by ((-12)/15)/((-2)/25)?
9
Let z = -10325 + 10355. Calculate the remainder when (-2)/(-5) - 433/(-5) is divided by z.
27
Let r = -59 + 39. Let u(h) = -h**3 - 19*h**2 + 19*h - 15. Calculate the remainder when 18 is divided by u(r).
3
Let t = -20 - -82. What is the remainder when t is divided by 11?
7
Let b = -40 - -60. Let a be 135/6*16/b. Let d = a - 11. Calculate the remainder when 25 is divided by d.
4
Let k(b) = -7*b + 17. Let r be k(9). Let y = r - -48. Calculate the remainder when 5 is divided by y.
1
Let h(k) be the first derivative of -k**4/4 - 4*k**3/3 + 14*k**2 + 5*k - 12. Calculate the remainder when h(-8) is divided by 13.
11
Suppose -j + 4*j - 195 = 0. Let k(v) = -18*v**3 + v**2 + 8*v + 6. What is the remainder when j is divided by k(-1)?
14
Suppose -4*c = -5*b + 134, 2*c = 4*b - 170 + 64. Calculate the remainder when 86 is divided by b.
8
Calculate the remainder when 58 is divided by ((-5)/(-4))/(8 - (-63)/(-8)).
8
What is the remainder when 145 is divided by 4/(-6) + (-16 - (-2926)/42)?
39
Suppose b - 2*d - 10 = 0, -7*d + 11*d - 50 = -3*b. What is the remainder when 10/(0 - (-2)/8) is divided by b?
12
Let t = 122 - 117. Suppose -t*p = -2*u - 9*p + 28, p = 5*u - 26. Calculate the remainder when 12 is divided by u.
0
Let d = -9 + 12. Suppose a + 4*a = -d*r + 41, 0 = -2*r + 5*a + 19. What is the remainder when 33 is divided by r?
9
Let p = 156 - 86. What is the remainder when p is divided by (0 - 2)*296/(-16)?
33
Suppose 0 = -5*f + 4*v - 52, -40 = 3*f + 2*v - 0. Let x(c) = c**3 + 13*c**2 + 8*c - 26. What is the remainder when 36 is divided by x(f)?
14
Let t(y) = y**3 - 20*y**2 - 19*y - 23. Let g = -88 - -140. Calculate the remainder when g is divided by t(21).
14
Suppose -4*c + 295 = 3*f - 2*f, -4*c - 5*f + 307 = 0. Calculate the remainder when c is divided by ((-4)/8)/(1/(-38)).
16
Let p(m) = -m**2 + 7*m + 1. Suppose 33*d - 18 = 30*d. Suppose -d = -f + 11. Calculate the remainder when f is divided by p(6).
3
Suppose 3*z = 4*z + 7. Let y be (-1 - 21)/(2/z). Suppose -4*v = -15 - y. Calculate the remainder when 66 is divided by v.
20
Suppose 0 = 3*g + 5*k - 128, k + 78 = 5*g - 154. Let a = -17 + g. Calculate the remainder when a is divided by 11.
7
Let p(i) = 0*i + 4*i - 3 - 3*i + 15. Let g be p(-7). Suppose -35 = -g*l + 50. What is the remainder when l is divided by 9?
8
Let k(t) = -t + 9. Let q be k(6). Suppose -2*z - 1 = 4*s - s, -3*z - q*s + 6 = 0. Let w(g) = -g**2 + 9*g + 3. Calculate the remainder when w(z) is divided by 9.
8
Let c = 5 - -8. Suppose -5*y + 176 = -139. Calculate the remainder when y is divided by c.
11
Let j(i) = 3*i + 2. Let s be j(6). Suppose 2*a + 4 = 2*v, -5*a = v - 0*v - s. What is the remainder when 18 is divided by v?
3
Let p(k) = -18*k + 3. Let t be p(-2). Let q = t + -62. Let f = q + 51. What is the remainder when 110 is divided by f?
26
Suppose 2*m + 0*k = 3*k + 83, k + 77 = 2*m. Calculate the remainder when 181 is divided by m.
33
Let z(p) = p**2 + 11*p - 12. Let d be z(-12). Suppose f - 175 = -5*s - d*f, -93 = -3*s - 3*f. What is the remainder when s is divided by 13?
10
Suppose 16*p - 504 = -2*p. Calculate the remainder when 726 is divided by p.
26
Let c(q) = q**2 - 31*q - 256. Calculate the remainder when 183 is divided by c(39).
15
Suppose -2*b - 2*s = -14, 0 = 3*b - 4*s + 3*s - 17. Suppose -b*v = -3*v. Suppose -4*y + 6 + 26 = v. What is the remainder when 29 is divided by y?
5
Let g(f) = 5*f**2 + f - 2. Let y(h) = -h**3 - 2*h**2 - h + 24. What is the remainder when g(3) is divided by y(0)?
22
Let l = 296 - 524. What is the remainder when l*(-4)/24*2 is divided by 26?
24
Suppose 5*h = d - 31, 14*d + 5 = 13*d - 4*h. What is the remainder when 150 is divided by d?
7
Suppose 13*g - 12*g - 73 = 0. Suppose 5*s = 37 + g. Calculate the remainder when 58 is divided by s.
14
Let n be ((5 - -1) + -3)*-7. Let q = 26 - n. What is the remainder when q is divided by 25?
22
Suppose 3*b - 50 = 2*q, 2*b + 5*q = -2*b + 82. Let d = b + -6. What is the remainder when 16 - d/((-16)/4) is divided by 11?
8
Calculate the remainder when 196 is divided by (-1)/(-4) + (-135)/(-60)*11.
21
Let b = -180 - -315. Suppose 4*d = 165 + b. What is the remainder when d is divided by 11?
9
Let l = 2 - -22. Let y = -11 + 104. What is the remainder when y is divided by l?
21
What is the remainder when 156/(-65)*3/(18/(-1120)) is divided by 221?
6
Let b = -177 - -618. Calculate the remainder when b is divided by 64.
57
Suppose 0 = -w - 1, 4*p = -w + 727. What is the remainder when p is divided by 46?
44
Let s(y) = 180*y - 686. Calculate the remainder when 74 is divided by s(4).
6
Suppose 9 = -c - 3*o - 13, -16 = -4*o. Let a = -12 - c. Let r = -13 - -21. Calculate the remainder when a is divided by r.
6
Let r = -30 - -18. Let s be (-34)/30 - r/90. Calculate the remainder when s + -1 - 7*-3 is divided by 7.
5
Calculate the remainder when 82 is divided by 6/(-81)*-3 - 144/(-81).
0
Let k(g) be the third derivative of -g**6/60 - 7*g**5/60 - g**4/6 + 7*g**3/6 - 17*g**2. Calculate the remainder when k(-5) is divided by 26.
24
Let u = 1785 - 1775. What is the remainder when 210 is divided by u?
0
Let w(x) = x**2 + 8*x + 33. What is the remainder when w(9) is divided by 21?
18
Suppose -4*g + 21 = 3*w, -2*g - 4*w = 3*g - 25. Suppose -4*m = -d + 2, -5*d + 10 = -m - 0*m. What is the remainder when (-144)/(-4) + (-2)/d is divided by g?
8
Let q = 125 + -61. Let d = -38 + 51. What is the remainder when q is divided by d?
12
Suppose -700 = -3*j + 1094. Let v be j/(-8) - 10/40. What is the remainder when (v/12)/(1/(-8)) is divided by 26?
24
Calculate the remainder when 6 is divided by -1 + 6/2 - (-17 - -15).
2
Calculate the remainder when 701 is divided by (27/(-6))/(54/(-468)).
38
Suppose -21*i - 10*i = -14787. What is the remainder when i is divided by 117?
9
Suppose 0 = -5*x - 27 - 33. What is the remainder when 15 is divided by 3/(x/(-16)) - -1?
0
Let i(j) = -4*j + 85. What is the remainder when 152 is divided by i(9)?
5
Let j(a) = -a**2 - 6*a + 5. What is the remainder when (-14)/(-21) + 164/6 is divided by j(-5)?
8
Suppose -56 = c + 3*c. Let i = -3 - c. Suppose 3*r - 110 = -4*k, -2*r + 5*k = -120 + 16. What is the remainder when r is divided by i?
9
Let l(q) be the third derivative of q**4/8 + 17*q**3/6 - 6*q**2. Let n be l(-5). Suppose n*m = 89 - 21. Calculate the remainder when m is divided by 18.
16
Suppose 259 = 13*b 